{"version":"1.0","provider_name":"CRI e Diario de Pernambuco","provider_url":"https:\/\/diariodepe.com.br\/cri","title":"Personalidades africanas elogiam coopera\u00e7\u00e3o China-\u00c1frica - CRI e Diario de Pernambuco","type":"rich","width":600,"height":338,"html":"<blockquote class=\"wp-embedded-content\" data-secret=\"2NKojbIaVQ\"><a href=\"https:\/\/diariodepe.com.br\/cri\/2024\/08\/30\/personalidades-africanas-elogiam-cooperacao-china-africa\/\">Personalidades africanas elogiam coopera\u00e7\u00e3o China-\u00c1frica<\/a><\/blockquote><iframe sandbox=\"allow-scripts\" security=\"restricted\" src=\"https:\/\/diariodepe.com.br\/cri\/2024\/08\/30\/personalidades-africanas-elogiam-cooperacao-china-africa\/embed\/#?secret=2NKojbIaVQ\" width=\"600\" height=\"338\" title=\"&#8220;Personalidades africanas elogiam coopera\u00e7\u00e3o China-\u00c1frica&#8221; &#8212; CRI e Diario de Pernambuco\" data-secret=\"2NKojbIaVQ\" frameborder=\"0\" marginwidth=\"0\" marginheight=\"0\" scrolling=\"no\" class=\"wp-embedded-content\"><\/iframe><script type=\"text\/javascript\">\n\/* <![CDATA[ *\/\n\/*! This file is auto-generated *\/\n!function(d,l){\"use strict\";l.querySelector&&d.addEventListener&&\"undefined\"!=typeof URL&&(d.wp=d.wp||{},d.wp.receiveEmbedMessage||(d.wp.receiveEmbedMessage=function(e){var t=e.data;if((t||t.secret||t.message||t.value)&&!\/[^a-zA-Z0-9]\/.test(t.secret)){for(var s,r,n,a=l.querySelectorAll('iframe[data-secret=\"'+t.secret+'\"]'),o=l.querySelectorAll('blockquote[data-secret=\"'+t.secret+'\"]'),c=new RegExp(\"^https?:$\",\"i\"),i=0;i<o.length;i++)o[i].style.display=\"none\";for(i=0;i<a.length;i++)s=a[i],e.source===s.contentWindow&&(s.removeAttribute(\"style\"),\"height\"===t.message?(1e3<(r=parseInt(t.value,10))?r=1e3:~~r<200&&(r=200),s.height=r):\"link\"===t.message&&(r=new URL(s.getAttribute(\"src\")),n=new URL(t.value),c.test(n.protocol))&&n.host===r.host&&l.activeElement===s&&(d.top.location.href=t.value))}},d.addEventListener(\"message\",d.wp.receiveEmbedMessage,!1),l.addEventListener(\"DOMContentLoaded\",function(){for(var e,t,s=l.querySelectorAll(\"iframe.wp-embedded-content\"),r=0;r<s.length;r++)(t=(e=s[r]).getAttribute(\"data-secret\"))||(t=Math.random().toString(36).substring(2,12),e.src+=\"#?secret=\"+t,e.setAttribute(\"data-secret\",t)),e.contentWindow.postMessage({message:\"ready\",secret:t},\"*\")},!1)))}(window,document);\n\/* ]]> *\/\n<\/script>\n","description":"Workshop sobre conhecimento de desenvolvimento compartilhado para os pa\u00edses africanos de l\u00edngua francesa, promovido pelo Minist\u00e9rio do Com\u00e9rcio da China, foi realizado recentemente em Beijing. Personalidades africanas que participaram da atividade elogiaram os resultados frut\u00edferos da coopera\u00e7\u00e3o China-\u00c1frica e aguardam...","thumbnail_url":"https:\/\/p1crires.cri.cn\/photoworkspace\/cri\/contentimg\/2024\/08\/30\/2024083019402931372.png"}

Personalidades africanas elogiam cooperação China-África - CRI e Diario de Pernambuco

<blockquote class="wp-embedded-content" data-secret="2NKojbIaVQ"><a href="https://diariodepe.com.br/cri/2024/08/30/personalidades-africanas-elogiam-cooperacao-china-africa/">Personalidades africanas elogiam cooperação China-África</a></blockquote><iframe sandbox="allow-scripts" security="restricted" src="https://diariodepe.com.br/cri/2024/08/30/personalidades-africanas-elogiam-cooperacao-china-africa/embed/#?secret=2NKojbIaVQ" width="600" height="338" title="&#8220;Personalidades africanas elogiam cooperação China-África&#8221; &#8212; CRI e Diario de Pernambuco" data-secret="2NKojbIaVQ" frameborder="0" marginwidth="0" marginheight="0" scrolling="no" class="wp-embedded-content"></iframe><script type="text/javascript">
/* <![CDATA[ */
/*! This file is auto-generated */
!function(d,l){"use strict";l.querySelector&&d.addEventListener&&"undefined"!=typeof URL&&(d.wp=d.wp||{},d.wp.receiveEmbedMessage||(d.wp.receiveEmbedMessage=function(e){var t=e.data;if((t||t.secret||t.message||t.value)&&!/[^a-zA-Z0-9]/.test(t.secret)){for(var s,r,n,a=l.querySelectorAll('iframe[data-secret="'+t.secret+'"]'),o=l.querySelectorAll('blockquote[data-secret="'+t.secret+'"]'),c=new RegExp("^https?:$","i"),i=0;i<o.length;i++)o[i].style.display="none";for(i=0;i<a.length;i++)s=a[i],e.source===s.contentWindow&&(s.removeAttribute("style"),"height"===t.message?(1e3<(r=parseInt(t.value,10))?r=1e3:~~r<200&&(r=200),s.height=r):"link"===t.message&&(r=new URL(s.getAttribute("src")),n=new URL(t.value),c.test(n.protocol))&&n.host===r.host&&l.activeElement===s&&(d.top.location.href=t.value))}},d.addEventListener("message",d.wp.receiveEmbedMessage,!1),l.addEventListener("DOMContentLoaded",function(){for(var e,t,s=l.querySelectorAll("iframe.wp-embedded-content"),r=0;r<s.length;r++)(t=(e=s[r]).getAttribute("data-secret"))||(t=Math.random().toString(36).substring(2,12),e.src+="#?secret="+t,e.setAttribute("data-secret",t)),e.contentWindow.postMessage({message:"ready",secret:t},"*")},!1)))}(window,document);
/* ]]> */
</script>

Workshop sobre conhecimento de desenvolvimento compartilhado para os países africanos de língua francesa, promovido pelo Ministério do Comércio da China, foi realizado recentemente em Beijing. Personalidades africanas que participaram da atividade elogiaram os resultados frutíferos da cooperação China-África e aguardam...
