{"version":"1.0","provider_name":"CRI e Diario de Pernambuco","provider_url":"https:\/\/diariodepe.com.br\/cri","title":"Coment\u00e1rio: Democracia norte-americana destruiu o Iraque - CRI e Diario de Pernambuco","type":"rich","width":600,"height":338,"html":"<blockquote class=\"wp-embedded-content\" data-secret=\"wDhF6l04dM\"><a href=\"https:\/\/diariodepe.com.br\/cri\/2023\/04\/17\/comentario-democracia-norte-americana-destruiu-o-iraque\/\">Coment\u00e1rio: Democracia norte-americana destruiu o Iraque<\/a><\/blockquote><iframe sandbox=\"allow-scripts\" security=\"restricted\" src=\"https:\/\/diariodepe.com.br\/cri\/2023\/04\/17\/comentario-democracia-norte-americana-destruiu-o-iraque\/embed\/#?secret=wDhF6l04dM\" width=\"600\" height=\"338\" title=\"&#8220;Coment\u00e1rio: Democracia norte-americana destruiu o Iraque&#8221; &#8212; CRI e Diario de Pernambuco\" data-secret=\"wDhF6l04dM\" frameborder=\"0\" marginwidth=\"0\" marginheight=\"0\" scrolling=\"no\" class=\"wp-embedded-content\"><\/iframe><script type=\"text\/javascript\">\n\/* <![CDATA[ *\/\n\/*! This file is auto-generated *\/\n!function(d,l){\"use strict\";l.querySelector&&d.addEventListener&&\"undefined\"!=typeof URL&&(d.wp=d.wp||{},d.wp.receiveEmbedMessage||(d.wp.receiveEmbedMessage=function(e){var t=e.data;if((t||t.secret||t.message||t.value)&&!\/[^a-zA-Z0-9]\/.test(t.secret)){for(var s,r,n,a=l.querySelectorAll('iframe[data-secret=\"'+t.secret+'\"]'),o=l.querySelectorAll('blockquote[data-secret=\"'+t.secret+'\"]'),c=new RegExp(\"^https?:$\",\"i\"),i=0;i<o.length;i++)o[i].style.display=\"none\";for(i=0;i<a.length;i++)s=a[i],e.source===s.contentWindow&&(s.removeAttribute(\"style\"),\"height\"===t.message?(1e3<(r=parseInt(t.value,10))?r=1e3:~~r<200&&(r=200),s.height=r):\"link\"===t.message&&(r=new URL(s.getAttribute(\"src\")),n=new URL(t.value),c.test(n.protocol))&&n.host===r.host&&l.activeElement===s&&(d.top.location.href=t.value))}},d.addEventListener(\"message\",d.wp.receiveEmbedMessage,!1),l.addEventListener(\"DOMContentLoaded\",function(){for(var e,t,s=l.querySelectorAll(\"iframe.wp-embedded-content\"),r=0;r<s.length;r++)(t=(e=s[r]).getAttribute(\"data-secret\"))||(t=Math.random().toString(36).substring(2,12),e.src+=\"#?secret=\"+t,e.setAttribute(\"data-secret\",t)),e.contentWindow.postMessage({message:\"ready\",secret:t},\"*\")},!1)))}(window,document);\n\/* ]]> *\/\n<\/script>\n","description":"A guerra contra o Iraque completou 20 anos nesta segunda-feira (20). Dias atr\u00e1s, centenas de pessoas se reuniram na Pra\u00e7a Lafayette, ao norte da Casa Branca, para manifestar suas oposi\u00e7\u00f5es contra as intermin\u00e1veis guerras desencadeadas pelos Estados Unidos. Vinte anos..."}

Comentário: Democracia norte-americana destruiu o Iraque - CRI e Diario de Pernambuco

<blockquote class="wp-embedded-content" data-secret="wDhF6l04dM"><a href="https://diariodepe.com.br/cri/2023/04/17/comentario-democracia-norte-americana-destruiu-o-iraque/">Comentário: Democracia norte-americana destruiu o Iraque</a></blockquote><iframe sandbox="allow-scripts" security="restricted" src="https://diariodepe.com.br/cri/2023/04/17/comentario-democracia-norte-americana-destruiu-o-iraque/embed/#?secret=wDhF6l04dM" width="600" height="338" title="&#8220;Comentário: Democracia norte-americana destruiu o Iraque&#8221; &#8212; CRI e Diario de Pernambuco" data-secret="wDhF6l04dM" frameborder="0" marginwidth="0" marginheight="0" scrolling="no" class="wp-embedded-content"></iframe><script type="text/javascript">
/* <![CDATA[ */
/*! This file is auto-generated */
!function(d,l){"use strict";l.querySelector&&d.addEventListener&&"undefined"!=typeof URL&&(d.wp=d.wp||{},d.wp.receiveEmbedMessage||(d.wp.receiveEmbedMessage=function(e){var t=e.data;if((t||t.secret||t.message||t.value)&&!/[^a-zA-Z0-9]/.test(t.secret)){for(var s,r,n,a=l.querySelectorAll('iframe[data-secret="'+t.secret+'"]'),o=l.querySelectorAll('blockquote[data-secret="'+t.secret+'"]'),c=new RegExp("^https?:$","i"),i=0;i<o.length;i++)o[i].style.display="none";for(i=0;i<a.length;i++)s=a[i],e.source===s.contentWindow&&(s.removeAttribute("style"),"height"===t.message?(1e3<(r=parseInt(t.value,10))?r=1e3:~~r<200&&(r=200),s.height=r):"link"===t.message&&(r=new URL(s.getAttribute("src")),n=new URL(t.value),c.test(n.protocol))&&n.host===r.host&&l.activeElement===s&&(d.top.location.href=t.value))}},d.addEventListener("message",d.wp.receiveEmbedMessage,!1),l.addEventListener("DOMContentLoaded",function(){for(var e,t,s=l.querySelectorAll("iframe.wp-embedded-content"),r=0;r<s.length;r++)(t=(e=s[r]).getAttribute("data-secret"))||(t=Math.random().toString(36).substring(2,12),e.src+="#?secret="+t,e.setAttribute("data-secret",t)),e.contentWindow.postMessage({message:"ready",secret:t},"*")},!1)))}(window,document);
/* ]]> */
</script>

A guerra contra o Iraque completou 20 anos nesta segunda-feira (20). Dias atrás, centenas de pessoas se reuniram na Praça Lafayette, ao norte da Casa Branca, para manifestar suas oposições contra as intermináveis guerras desencadeadas pelos Estados Unidos. Vinte anos...
