{"version":"1.0","provider_name":"CRI e Diario de Pernambuco","provider_url":"https:\/\/diariodepe.com.br\/cri","title":"Premi\u00ea chin\u00eas apresenta relat\u00f3rio de trabalho do governo - CRI e Diario de Pernambuco","type":"rich","width":600,"height":338,"html":"<blockquote class=\"wp-embedded-content\" data-secret=\"FOZIINllue\"><a href=\"https:\/\/diariodepe.com.br\/cri\/2023\/03\/14\/premie-chines-apresenta-relatorio-de-trabalho-do-governo\/\">Premi\u00ea chin\u00eas apresenta relat\u00f3rio de trabalho do governo<\/a><\/blockquote><iframe sandbox=\"allow-scripts\" security=\"restricted\" src=\"https:\/\/diariodepe.com.br\/cri\/2023\/03\/14\/premie-chines-apresenta-relatorio-de-trabalho-do-governo\/embed\/#?secret=FOZIINllue\" width=\"600\" height=\"338\" title=\"&#8220;Premi\u00ea chin\u00eas apresenta relat\u00f3rio de trabalho do governo&#8221; &#8212; CRI e Diario de Pernambuco\" data-secret=\"FOZIINllue\" frameborder=\"0\" marginwidth=\"0\" marginheight=\"0\" scrolling=\"no\" class=\"wp-embedded-content\"><\/iframe><script type=\"text\/javascript\">\n\/* <![CDATA[ *\/\n\/*! This file is auto-generated *\/\n!function(d,l){\"use strict\";l.querySelector&&d.addEventListener&&\"undefined\"!=typeof URL&&(d.wp=d.wp||{},d.wp.receiveEmbedMessage||(d.wp.receiveEmbedMessage=function(e){var t=e.data;if((t||t.secret||t.message||t.value)&&!\/[^a-zA-Z0-9]\/.test(t.secret)){for(var s,r,n,a=l.querySelectorAll('iframe[data-secret=\"'+t.secret+'\"]'),o=l.querySelectorAll('blockquote[data-secret=\"'+t.secret+'\"]'),c=new RegExp(\"^https?:$\",\"i\"),i=0;i<o.length;i++)o[i].style.display=\"none\";for(i=0;i<a.length;i++)s=a[i],e.source===s.contentWindow&&(s.removeAttribute(\"style\"),\"height\"===t.message?(1e3<(r=parseInt(t.value,10))?r=1e3:~~r<200&&(r=200),s.height=r):\"link\"===t.message&&(r=new URL(s.getAttribute(\"src\")),n=new URL(t.value),c.test(n.protocol))&&n.host===r.host&&l.activeElement===s&&(d.top.location.href=t.value))}},d.addEventListener(\"message\",d.wp.receiveEmbedMessage,!1),l.addEventListener(\"DOMContentLoaded\",function(){for(var e,t,s=l.querySelectorAll(\"iframe.wp-embedded-content\"),r=0;r<s.length;r++)(t=(e=s[r]).getAttribute(\"data-secret\"))||(t=Math.random().toString(36).substring(2,12),e.src+=\"#?secret=\"+t,e.setAttribute(\"data-secret\",t)),e.contentWindow.postMessage({message:\"ready\",secret:t},\"*\")},!1)))}(window,document);\n\/* ]]> *\/\n<\/script>\n","description":"O primeiro-ministro chin\u00eas, Li Keqiang, come\u00e7ou a apresentar um relat\u00f3rio de trabalho do governo em nome do Conselho de Estado na reuni\u00e3o de abertura da primiera sess\u00e3o da 14\u00aa Assembleia Popular Nacional, realizada no Grande Pal\u00e1cio do Povo na manh\u00e3..."}

Premiê chinês apresenta relatório de trabalho do governo - CRI e Diario de Pernambuco

<blockquote class="wp-embedded-content" data-secret="FOZIINllue"><a href="https://diariodepe.com.br/cri/2023/03/14/premie-chines-apresenta-relatorio-de-trabalho-do-governo/">Premiê chinês apresenta relatório de trabalho do governo</a></blockquote><iframe sandbox="allow-scripts" security="restricted" src="https://diariodepe.com.br/cri/2023/03/14/premie-chines-apresenta-relatorio-de-trabalho-do-governo/embed/#?secret=FOZIINllue" width="600" height="338" title="&#8220;Premiê chinês apresenta relatório de trabalho do governo&#8221; &#8212; CRI e Diario de Pernambuco" data-secret="FOZIINllue" frameborder="0" marginwidth="0" marginheight="0" scrolling="no" class="wp-embedded-content"></iframe><script type="text/javascript">
/* <![CDATA[ */
/*! This file is auto-generated */
!function(d,l){"use strict";l.querySelector&&d.addEventListener&&"undefined"!=typeof URL&&(d.wp=d.wp||{},d.wp.receiveEmbedMessage||(d.wp.receiveEmbedMessage=function(e){var t=e.data;if((t||t.secret||t.message||t.value)&&!/[^a-zA-Z0-9]/.test(t.secret)){for(var s,r,n,a=l.querySelectorAll('iframe[data-secret="'+t.secret+'"]'),o=l.querySelectorAll('blockquote[data-secret="'+t.secret+'"]'),c=new RegExp("^https?:$","i"),i=0;i<o.length;i++)o[i].style.display="none";for(i=0;i<a.length;i++)s=a[i],e.source===s.contentWindow&&(s.removeAttribute("style"),"height"===t.message?(1e3<(r=parseInt(t.value,10))?r=1e3:~~r<200&&(r=200),s.height=r):"link"===t.message&&(r=new URL(s.getAttribute("src")),n=new URL(t.value),c.test(n.protocol))&&n.host===r.host&&l.activeElement===s&&(d.top.location.href=t.value))}},d.addEventListener("message",d.wp.receiveEmbedMessage,!1),l.addEventListener("DOMContentLoaded",function(){for(var e,t,s=l.querySelectorAll("iframe.wp-embedded-content"),r=0;r<s.length;r++)(t=(e=s[r]).getAttribute("data-secret"))||(t=Math.random().toString(36).substring(2,12),e.src+="#?secret="+t,e.setAttribute("data-secret",t)),e.contentWindow.postMessage({message:"ready",secret:t},"*")},!1)))}(window,document);
/* ]]> */
</script>

O primeiro-ministro chinês, Li Keqiang, começou a apresentar um relatório de trabalho do governo em nome do Conselho de Estado na reunião de abertura da primiera sessão da 14ª Assembleia Popular Nacional, realizada no Grande Palácio do Povo na manhã...
