{"version":"1.0","provider_name":"CRI e Diario de Pernambuco","provider_url":"https:\/\/diariodepe.com.br\/cri","title":"T\u00e9cnico agr\u00edcola melhora condi\u00e7\u00f5es econ\u00f4micas rurais - CRI e Diario de Pernambuco","type":"rich","width":600,"height":338,"html":"<blockquote class=\"wp-embedded-content\" data-secret=\"jA2D0hMlLV\"><a href=\"https:\/\/diariodepe.com.br\/cri\/2023\/03\/13\/tecnico-agricola-melhora-condicoes-economicas-rurais\/\">T\u00e9cnico agr\u00edcola melhora condi\u00e7\u00f5es econ\u00f4micas rurais<\/a><\/blockquote><iframe sandbox=\"allow-scripts\" security=\"restricted\" src=\"https:\/\/diariodepe.com.br\/cri\/2023\/03\/13\/tecnico-agricola-melhora-condicoes-economicas-rurais\/embed\/#?secret=jA2D0hMlLV\" width=\"600\" height=\"338\" title=\"&#8220;T\u00e9cnico agr\u00edcola melhora condi\u00e7\u00f5es econ\u00f4micas rurais&#8221; &#8212; CRI e Diario de Pernambuco\" data-secret=\"jA2D0hMlLV\" frameborder=\"0\" marginwidth=\"0\" marginheight=\"0\" scrolling=\"no\" class=\"wp-embedded-content\"><\/iframe><script type=\"text\/javascript\">\n\/* <![CDATA[ *\/\n\/*! This file is auto-generated *\/\n!function(d,l){\"use strict\";l.querySelector&&d.addEventListener&&\"undefined\"!=typeof URL&&(d.wp=d.wp||{},d.wp.receiveEmbedMessage||(d.wp.receiveEmbedMessage=function(e){var t=e.data;if((t||t.secret||t.message||t.value)&&!\/[^a-zA-Z0-9]\/.test(t.secret)){for(var s,r,n,a=l.querySelectorAll('iframe[data-secret=\"'+t.secret+'\"]'),o=l.querySelectorAll('blockquote[data-secret=\"'+t.secret+'\"]'),c=new RegExp(\"^https?:$\",\"i\"),i=0;i<o.length;i++)o[i].style.display=\"none\";for(i=0;i<a.length;i++)s=a[i],e.source===s.contentWindow&&(s.removeAttribute(\"style\"),\"height\"===t.message?(1e3<(r=parseInt(t.value,10))?r=1e3:~~r<200&&(r=200),s.height=r):\"link\"===t.message&&(r=new URL(s.getAttribute(\"src\")),n=new URL(t.value),c.test(n.protocol))&&n.host===r.host&&l.activeElement===s&&(d.top.location.href=t.value))}},d.addEventListener(\"message\",d.wp.receiveEmbedMessage,!1),l.addEventListener(\"DOMContentLoaded\",function(){for(var e,t,s=l.querySelectorAll(\"iframe.wp-embedded-content\"),r=0;r<s.length;r++)(t=(e=s[r]).getAttribute(\"data-secret\"))||(t=Math.random().toString(36).substring(2,12),e.src+=\"#?secret=\"+t,e.setAttribute(\"data-secret\",t)),e.contentWindow.postMessage({message:\"ready\",secret:t},\"*\")},!1)))}(window,document);\n\/* ]]> *\/\n<\/script>\n","thumbnail_url":"https:\/\/diariodepe.com.br\/cri\/wp-content\/uploads\/sites\/2\/2023\/03\/2023031121474740256.png","thumbnail_width":785,"thumbnail_height":449,"description":"Xie Fuxin \u00e9 um profissional especializado em planta\u00e7\u00e3o de uvas. Em 2003, ele foi enviado como um especialista para aldeia Renshan, na vila Shuiji, na cidade de Nanping, na prov\u00edncia de Fujian, sudeste da China. Ao longo de 20 anos,..."}

Técnico agrícola melhora condições econômicas rurais - CRI e Diario de Pernambuco

<blockquote class="wp-embedded-content" data-secret="jA2D0hMlLV"><a href="https://diariodepe.com.br/cri/2023/03/13/tecnico-agricola-melhora-condicoes-economicas-rurais/">Técnico agrícola melhora condições econômicas rurais</a></blockquote><iframe sandbox="allow-scripts" security="restricted" src="https://diariodepe.com.br/cri/2023/03/13/tecnico-agricola-melhora-condicoes-economicas-rurais/embed/#?secret=jA2D0hMlLV" width="600" height="338" title="&#8220;Técnico agrícola melhora condições econômicas rurais&#8221; &#8212; CRI e Diario de Pernambuco" data-secret="jA2D0hMlLV" frameborder="0" marginwidth="0" marginheight="0" scrolling="no" class="wp-embedded-content"></iframe><script type="text/javascript">
/* <![CDATA[ */
/*! This file is auto-generated */
!function(d,l){"use strict";l.querySelector&&d.addEventListener&&"undefined"!=typeof URL&&(d.wp=d.wp||{},d.wp.receiveEmbedMessage||(d.wp.receiveEmbedMessage=function(e){var t=e.data;if((t||t.secret||t.message||t.value)&&!/[^a-zA-Z0-9]/.test(t.secret)){for(var s,r,n,a=l.querySelectorAll('iframe[data-secret="'+t.secret+'"]'),o=l.querySelectorAll('blockquote[data-secret="'+t.secret+'"]'),c=new RegExp("^https?:$","i"),i=0;i<o.length;i++)o[i].style.display="none";for(i=0;i<a.length;i++)s=a[i],e.source===s.contentWindow&&(s.removeAttribute("style"),"height"===t.message?(1e3<(r=parseInt(t.value,10))?r=1e3:~~r<200&&(r=200),s.height=r):"link"===t.message&&(r=new URL(s.getAttribute("src")),n=new URL(t.value),c.test(n.protocol))&&n.host===r.host&&l.activeElement===s&&(d.top.location.href=t.value))}},d.addEventListener("message",d.wp.receiveEmbedMessage,!1),l.addEventListener("DOMContentLoaded",function(){for(var e,t,s=l.querySelectorAll("iframe.wp-embedded-content"),r=0;r<s.length;r++)(t=(e=s[r]).getAttribute("data-secret"))||(t=Math.random().toString(36).substring(2,12),e.src+="#?secret="+t,e.setAttribute("data-secret",t)),e.contentWindow.postMessage({message:"ready",secret:t},"*")},!1)))}(window,document);
/* ]]> */
</script>

Xie Fuxin é um profissional especializado em plantação de uvas. Em 2003, ele foi enviado como um especialista para aldeia Renshan, na vila Shuiji, na cidade de Nanping, na província de Fujian, sudeste da China. Ao longo de 20 anos,...
